- 5*z - 22, -2*u - 5*z = -180. Suppose q + u = 3*k, k + q = 2*q + j. What are the prime factors of k?
2, 3, 5
What are the prime factors of (-8 + 12 + -5)/((-2)/1526)?
7, 109
Let i = -2580 + 4767. What are the prime factors of i?
3
Let u = -80 + 114. List the prime factors of 10/(-8)*(12/6 - u).
2, 5
Let r be 20/35 + 30/21. Let s be 104/(-12)*3/r. Let o = s + 57. List the prime factors of o.
2, 11
Let s(w) = 60 - 2*w + 2*w**2 - 54 + 3*w**2. What are the prime factors of s(-3)?
3, 19
Suppose -3*b + 20 = -b - 2*l, l - 5 = 0. Let n = -9 - b. Let g = 57 + n. What are the prime factors of g?
3, 11
Let a(t) = 9*t + 26. Let p be a(8). Suppose -3*f = -5*r + 137, 18 + p = 4*r - 4*f. List the prime factors of r.
5
Let x = -199 + 199. Suppose -5*w + 4 = -6. Suppose 2*f - f - w*q - 52 = x, 0 = q. What are the prime factors of f?
2, 13
Let z(u) = -u**3 - 3*u**2 + 7*u + 15. Let l be z(-4). Suppose -5*a = -3*x - x - 831, 503 = l*a + 2*x. List the prime factors of a.
167
Let c = 1493 + -842. What are the prime factors of c?
3, 7, 31
Let k be (0 - -3) + 8/(-8). Suppose k*i - 4*o - 148 = 0, -3*i + 2 + 184 = 3*o. List the prime factors of i.
2, 3, 11
Suppose -5*q - 4*l = -2*q - 26, -2*l = q - 6. Let x = q - 9. Suppose -i + 4*g = 2*i - 83, -x*i + 150 = 5*g. What are the prime factors of i?
29
Let x = 568 + -348. List the prime factors of x.
2, 5, 11
Suppose -5 = -t + 11. Let i be (-9)/12 - (-1932)/t. Suppose -7*g + i = -3*g. List the prime factors of g.
2, 3, 5
Let q = 53 - 13. Suppose -4*a + 0*a + q = 0. List the prime factors of a.
2, 5
What are the prime factors of ((-302)/(-3))/((3/3)/3)?
2, 151
Let o be -2*(-4 - 20/(-8)). Suppose -4*c - o*c + 1141 = 0. What are the prime factors of c?
163
Suppose -n = 2*y - 6288, -3*n - 2*y = -22566 + 3686. List the prime factors of n.
2, 787
Suppose 0 = -5*f - 3*t + 2012, 4*f + 163 = t + 1759. What are the prime factors of f?
2, 5
Let d be ((-1)/(-3))/((-4)/(-216)). What are the prime factors of (-24)/(-108) + 878/d?
7
Let u(g) = g + 1. Let h be u(2). Let z(q) = 10*q. Let n(f) = 9*f - 1. Let t(i) = h*n(i) - 2*z(i). What are the prime factors of t(3)?
2, 3
List the prime factors of 10/(-4)*(-5356)/130 + -3.
2, 5
Let n(z) = -63*z + 53. What are the prime factors of n(-18)?
1187
Suppose -3*u + 0*u - 3027 = -3*f, 0 = -4*u + 20. What are the prime factors of f?
2, 3, 13
Suppose 3 - 23 = -5*v + 4*j, v - 5*j = 25. Suppose -x + 46 = -v. List the prime factors of x.
2, 23
Suppose 24 = 10*b - 2*b. List the prime factors of b.
3
Let p(f) = f**3 + 5*f**2 - 2*f + 7. Let a(x) = -4*x + 3. Suppose -3*g + 8 = 4*o - 3, -4*o = -5*g - 3. Let s be a(o). What are the prime factors of p(s)?
17
Let p(i) = 4 + 0*i + 1 - i - 4. Let r be p(-7). Let l = 14 - r. List the prime factors of l.
2, 3
Let l = 10 - 5. Let m be 2/l - 4/10. List the prime factors of 2/(1/(7 + m)).
2, 7
Suppose 7*b - 4501 = 1505. List the prime factors of b.
2, 3, 11, 13
Suppose 0 = -12*a + 2830 + 1790. List the prime factors of a.
5, 7, 11
List the prime factors of 112/(-1)*(3 + (-39)/6).
2, 7
Suppose -r + 21*d + 787 = 16*d, -2*r - 2*d = -1538. List the prime factors of r.
2, 193
Let v be -36 + -1*(-6 - -3). Let o = v - -23. What are the prime factors of 2/o - (-336)/30?
11
Let s(m) be the third derivative of m**5/60 + m**4/8 + m**3/6 - 3*m**2. Let o be s(-3). Let v = 23 + o. What are the prime factors of v?
2, 3
Suppose -4*s + 6 = 2*s. Suppose 2*g + 4*k = 70, -2 - s = -k. List the prime factors of g.
29
Let h(d) = -112*d + 54. List the prime factors of h(-3).
2, 3, 5, 13
Let f(n) = n**2 - n + 3. Suppose -3*p + 2*r + 2 = -0, 0 = -2*p + 4*r + 4. What are the prime factors of f(p)?
3
Let u be (0 - 1) + (-2 - -19). Let i = 12 - 3. Suppose -i - u = -5*h. What are the prime factors of h?
5
Suppose 0 = -25*c - c + 15288. What are the prime factors of c?
2, 3, 7
What are the prime factors of 234/6 - (1 + -1)?
3, 13
What are the prime factors of ((-20)/(-25))/2 - 171224/(-40)?
3, 1427
Let a be (-10)/(-6)*(-30)/(-2). Suppose 0 = -5*i + r + 95, 4*r = -i + 3*r + a. What are the prime factors of i?
2, 5
Suppose h = -4*p + 150 + 4, -3*p = 4*h - 590. List the prime factors of h.
2, 73
Suppose -4*a - 19*a + 3772 = 0. List the prime factors of a.
2, 41
Let t be (3/(-1) - -2)*-1 + 215. Suppose -114 = -5*q + t. List the prime factors of q.
2, 3, 11
Suppose -2*b + 4 = -4*u, 0 = -6*u + 3*u - 4*b - 14. Suppose 93 = 9*r + 22*r. List the prime factors of 78/((-3)/(r/u)).
3, 13
Let j(t) be the second derivative of t**4/12 - 13*t**3/6 - 31*t**2/2 + t + 10. List the prime factors of j(16).
17
Let j(y) = -6 - y + 4 + 70*y**3 + 7*y**2 - 33*y**3 - 36*y**3 + 4*y. Let w(a) = -a**2 - 4. Let g be w(0). List the prime factors of j(g).
2, 17
Let w(x) = -8*x + 346. List the prime factors of w(0).
2, 173
Suppose 0 = 2*b, 0 = -4*z + 4*b - 6*b - 36. Let d = z + 12. Suppose -d*p = 4*a - a - 78, 5*a + p = 142. What are the prime factors of a?
29
Suppose -11*m = -5*m - 8190. Suppose -6*c + m = c. What are the prime factors of c?
3, 5, 13
Let j be (2/(-3))/(6/(-18)). Suppose i = -j*z + 4, -5*z + 17 + 6 = -4*i. Suppose -21 = -l - z. What are the prime factors of l?
2, 3
Suppose -3*t + 6 = -3. Suppose 2*i + 31 = t*d, -2*d + 2*i + 4 + 20 = 0. Suppose -b + 14 + d = 0. List the prime factors of b.
3, 7
Suppose -6*h + 615 = 3*r - 2*h, -2*h - 1051 = -5*r. Suppose -7*s + 1156 = -r. Suppose -v + s = 4*v. List the prime factors of v.
3, 13
Let f(g) = 123*g**2 + 14*g - 29. What are the prime factors of f(2)?
491
Let h = -91 + 141. Let q = h - 41. What are the prime factors of q?
3
Let a(q) be the second derivative of q**4/12 - 3*q**3/2 + 7*q**2 + 6*q. Let g be a(6). Let x = g + 8. List the prime factors of x.
2
Let p(j) = j**3 + 13*j**2 - 16*j - 20. Suppose 0 = 3*u + u + 56. Let v be p(u). Suppose 3*x - 3*b = -27 + 87, v = x + 5*b. List the prime factors of x.
2, 3
Let t = 18 - 15. What are the prime factors of 2*(1 + 9 + t)?
2, 13
Let v(j) = 31*j - 88. List the prime factors of v(6).
2, 7
Suppose -5*x = -5*m + 35, 5*m + 0*x - 3*x = 31. Suppose -2*i = -m*b - 6*i + 719, 3*b + i = 437. What are the prime factors of b?
3, 7
What are the prime factors of 21242/38 + 1/(-1)?
2, 3, 31
Let b = -1525 - -3092. What are the prime factors of b?
1567
Let o be (-3 + 9)/6*0/1. Suppose 2*s + s - 5*f - 355 = o, 5*s = -2*f + 540. List the prime factors of s.
2, 5, 11
Let b = -1029 - -1480. List the prime factors of b.
11, 41
Suppose 2*n - 11 = 7. Let y = n + -4. Suppose c = -1, f + 3*c = y*c + 25. What are the prime factors of f?
23
Let f = 34 - 21. Let o(m) = -m + 30. List the prime factors of o(f).
17
Suppose -7*y = -87 + 31. Suppose 35*c = 31*c + y. What are the prime factors of c?
2
Suppose 0 = -4*k + 3*j + 1637, 2*k + 2*k + 2*j - 1622 = 0. What are the prime factors of k?
11, 37
Let z(w) = -140*w - 41. List the prime factors of z(-4).
3, 173
Let h = 717 + -170. What are the prime factors of h?
547
Let k(n) = 3*n**3 - 7*n**2 - 6*n. Let d(i) = 3*i**3 - 6*i**2 - 5*i. Let p(x) = 6*d(x) - 5*k(x). List the prime factors of p(1).
2
Let z(w) = 17*w**2 - 18*w - 1. What are the prime factors of z(18)?
71, 73
Suppose 77*c - 86*c = -43857. List the prime factors of c.
11, 443
Let v be 810/20*1*2. Suppose 0 = b - 2*p - 19, 0*p - v = -3*b - 2*p. Suppose 0 = z - b - 9. What are the prime factors of z?
2, 17
Suppose -2*z + 0*z + 6 = 0. Suppose 4*h + 4*y - 3 = 221, 2*h - 107 = z*y. Suppose h = j + 4*j. List the prime factors of j.
11
Let w be 7 + 0 - (-7 - -9). Suppose -3*p + w*i + 60 = 0, -4*p - i + 128 = 25. Suppose -a - 2*q + p = 0, -q - 5 = -a + 2*q. What are the prime factors of a?
17
Let t(k) = k**2 - 5*k + 5. Let m be t(6). Suppose 0 = -m*x + 9*x + 82. What are the prime factors of x?
41
Suppose -173*i = -168*i + 3*m - 4921, -i + 979 = -2*m. What are the prime factors of i?
983
List the prime factors of (16/(-14))/((-240)/10920).
2, 13
Let z = -75 - -1. Let o = 44 - z. What are the prime factors of o?
2, 59
Let h be 6*(-2 - -17) + -1. Let r = h - 52. Suppose 4*d = -5 + r. List the prime factors of d.
2
Let f(y) = -2*y - 13. Let t = 4 - 4. Let k be f(t). Let h = 16 + k. What are the prime factors of h?
3
Let r = -46 + 51. Suppose -2*i + 4*x + 222 = -100, r*x - 367 = -2*i. List the prime factors of i.
3, 19
Let z(b) = b + 2. Let x be z(5). Suppose -2